. Is c a prime number?
False
Suppose -4*g + 8 = -4. Suppose -5*f + 5*k = -25, f - 2*k + g = -5*k. Let x = f + 208. Is x a prime number?
True
Let v(u) = u**2 - 3. Suppose 2*i = 7*i + 85. Let n = -20 - i. Is v(n) a composite number?
True
Is (1 + (-18)/2)*4822/(-8) a composite number?
True
Let x(i) = i - 2*i**3 + 289 - 2*i**3 + i**2 + 3*i**3. Let r = 93 - 93. Is x(r) prime?
False
Is (-43863)/6*(-10)/5 composite?
False
Suppose -4*f + 11 = -2*k - 3*f, 5*f + 23 = -3*k. Let b be 94/14 + k/(-21). Let u(z) = -z + 17. Is u(b) a composite number?
True
Let y = 7657 - -10644. Is y a composite number?
False
Let x = 17707 + 23644. Is x a prime number?
True
Let g be (-36)/(-16)*(-1)/((-6)/8). Suppose -5*i - 5*w + 597 = -g*i, 0 = -w + 3. Is i a prime number?
False
Let r be (-4)/(1/183*-2). Suppose -2*p + 0*p = -r. Suppose -2*h + h + p = 0. Is h composite?
True
Is ((-11)/11)/(3/(-72951)) a composite number?
False
Let c(z) = -z**2 - z**2 + 1 + z**2. Let g be c(0). Is ((2 + 147)/1)/g composite?
False
Suppose 5*d = 50 + 15. Suppose d*b - 12*b - 491 = 0. Is b prime?
True
Let g = 64 + 34. Suppose 0 = 4*i + h - 3*h - g, 3*h - 128 = -5*i. Let v = i + 14. Is v a composite number?
True
Let l(m) be the first derivative of m**7/840 - m**6/360 - 7*m**5/120 - m**4/6 - 2*m**3/3 + 1. Let h(y) be the third derivative of l(y). Is h(6) prime?
False
Suppose 2*d + 13432 = -2*y, -21 = 5*d + 4. Let z = y + 13832. Is z prime?
True
Let u(g) = g**3 + 6*g**2 - g - 2. Suppose 0 = 6*y + 19 + 17. Let l be u(y). Suppose -7*k = -l*k - 1443. Is k a composite number?
True
Suppose -9480 = -2*n - 3*n + 3*b, 0 = 3*b. Let h = -1210 + n. Suppose 4*q - 4*x = 868, -x - h + 1753 = 5*q. Is q composite?
True
Suppose 6*r - 9*r + 19812 = -3*i, 2*r - 13188 = -2*i. Is r prime?
True
Let i = -28 + 30. Suppose -2*a - i*a = -1972. Is a a prime number?
False
Let f = 42 + -42. Suppose 3*x + 2*x + 3*c = 3152, -x + 4*c + 635 = f. Is x a prime number?
True
Suppose 5*j = -0*g + 3*g - 10, 2*j + 4*g = -4. Let f be j/11 + 501/33. Suppose 3*z = -f, 2*d - 4*z - 594 = 368. Is d a composite number?
True
Let o be (-21)/(-6)*(-11 - -5). Is 5/(-10) - o*(-1)/(-2) prime?
False
Suppose 4*u + 20430 = 5*x - 97299, -70643 = -3*x + u. Is x composite?
False
Suppose -4*w - 270 = -2*w. Let p = w - -226. Suppose -3*t + 14 = -p. Is t composite?
True
Suppose -77016 = -11*a + 18277. Is a composite?
False
Let a(d) = -d + 3. Let x be a(-2). Let w(u) = 2 + 3 + 2*u + 6*u**2 - 2 + x*u**2. Is w(4) prime?
False
Let a = 7 - -7. Suppose 5*j + a = y, 0*j + 3*j = 5*y - 180. Is y prime?
False
Suppose -2*i = 3*i + 2*t - 19533, -2*i = 4*t - 7810. Is i prime?
True
Let w(h) = 2*h**2 - 11*h + 18. Let a = -4 + 17. Is w(a) composite?
True
Let i(f) = 51*f - 397. Is i(56) composite?
False
Let u(c) = 50*c + 3. Let g(b) = -b - 1. Let a(y) = -g(y) + u(y). Is a(5) prime?
False
Let n = 1273 - -64. Is n a composite number?
True
Suppose 2*q + 4 = 3*q - v, -v = 4*q - 21. Let d(l) = 22*l + 6. Let w(a) = 21*a + 5. Let t(g) = -6*d(g) + 7*w(g). Is t(q) a prime number?
False
Let j(a) = a**3 + 6*a**2 - 3*a + 8. Let s be j(-7). Let l = s - -169. Is l prime?
True
Suppose 7*f - 12930 = f. Is f composite?
True
Suppose -4*n = n - 8435. Suppose 1198 + n = 5*c. Suppose -c = -y - 0*y + 2*q, y - 3*q = 572. Is y a composite number?
False
Suppose -4*b + 6244 = j, -5*b + 6845 = j - 960. Is b a prime number?
False
Suppose -25*q + 557213 + 218112 = 0. Is q a composite number?
False
Suppose -5*x + 0*w - 5*w = 0, 3*x + w = 0. Let d be (-27)/36*(-4 + x). Is (2/d)/((-16)/(-4296)) prime?
True
Is 2*(-8545)/(-20)*2 a composite number?
False
Let u = 16 - 28. Let v be ((-2)/3)/((-2)/u). Is 2*(3 + (-74)/v) prime?
True
Suppose 19*j - 118 = 17*j. Let l = j - 36. Is l a composite number?
False
Let c be 0 + 9 - (-1 - -2). Suppose -4*j = -c*j + 8. Suppose -2*r + 398 = j*x, 0 = -0*x + x - 4*r - 219. Is x composite?
True
Is (-10)/(-4) + 339726/12 a composite number?
True
Let c = 3468 + -2407. Is c a composite number?
False
Suppose -5*t - 12 = -t. Is 160 + (t + 1)*1/2 prime?
False
Suppose 55 + 5 = 15*u. Suppose 3*k = 3*j - 1914, 0 = u*k + 5 + 7. Is j prime?
False
Let l(a) = -7*a - 31. Let u be l(-5). Suppose -u*r + 1196 + 920 = 0. Is r a prime number?
False
Suppose 5*w - 3*t - t - 8626 = 0, -2*w - 3*t + 3455 = 0. Is w a composite number?
True
Is ((-6606)/(-72))/((-3)/(-84)) prime?
False
Let a(u) = 11*u**2 + 14*u - 2. Let g be a(-12). Suppose -5*q = 5, 2269 + g = 4*r + q. Is r a prime number?
False
Suppose m + 4*m = -20, 5*y - 27 = 3*m. Suppose -y*n - 8 = -209. Is n a composite number?
False
Is 52859*(-1)/9*-9 a prime number?
True
Suppose -4*c = -w - 2223, c - w - 540 = -6*w. Suppose 2*p + c = -3*p. Let u = -32 - p. Is u composite?
False
Suppose z = 4*l - 4, 0 = -2*l - 0*z + 2*z - 4. Suppose 30 = -0*n + 5*n. Suppose r - 242 = -2*i, n*i - 3*r = l*i + 504. Is i a prime number?
False
Suppose -4*a - 34 = -2*a. Let m = a + 19. Suppose m*j - 5*t - 432 = 0, 2*j - 9*t - 430 = -5*t. Is j prime?
True
Let g be 6 - 4 - (-1 - 0). Suppose -y + 2027 = -2*z, 3*z - 558 = g*y - 3600. Let u = z + 1518. Is u prime?
False
Let h(w) = 2*w**2 - 5*w - 5. Let g be h(6). Suppose z + 3*f = 31, -2*f = z + 3*f - g. Is z prime?
False
Suppose 0 = -2*t - 5*z - 39023, t - 2*t - 2*z - 19514 = 0. Let i be (-5)/((-15)/12) + 0. Is 1/i - t/48 a composite number?
True
Let a be (4/8 + 0)*362. Suppose -2*y + a = -0*y - 5*i, -4*y + 341 = -3*i. Is y a prime number?
True
Suppose 9 = -y + 7. Is (-263 - (-1 - (3 + -3)))/y a composite number?
False
Let b(s) = -2*s - 16. Let r be b(-10). Is (-152)/4*(-38)/r a prime number?
False
Let g(b) = -32*b - 1. Let h be g(1). Let c = -37 - h. Is ((-86)/c)/(1/2) a prime number?
True
Let x(g) = g**2 + 4*g + 4. Let f be x(-3). Suppose n = -2*n - t - 3, 5*t = -n - f. Is (-1)/n*1*89 a prime number?
True
Let d(q) = 36*q**2 + q - 6. Let f be d(4). Let y = f + 541. Is y composite?
True
Let c = -12 + 13. Let y be (-42)/(c + (-9)/3). Suppose -v + 148 = y. Is v a composite number?
False
Let y(c) = -c**2. Let m(j) = -48*j**2 + j - 7. Let f(a) = -m(a) + 3*y(a). Is f(2) prime?
False
Let o be -5*(2*1)/((-10)/5). Suppose 0 = -o*h - m + 400, -2*h + 0*h - 4*m = -178. Is h prime?
True
Let p(n) be the second derivative of n**5/10 + n**4/4 + n**3/3 + 5*n**2/2 + 15*n + 2. Is p(6) a composite number?
False
Let d(u) = 81*u**2 + 1. Let j(x) = -3*x - 7. Let o be j(-4). Suppose o*m + 5 = -0*m. Is d(m) composite?
True
Let h = -262 + 512. Let g = 21 + h. Suppose 3*z - 86 = g. Is z a composite number?
True
Suppose 0 = 2*j + 2, -3*r = 2*j + j + 702. Let o(m) = 20*m**2 + m - 2. Let q be o(-6). Let b = r + q. Is b composite?
False
Suppose -79157 = -22*s + 9657. Is s composite?
True
Let h(s) = -3*s - 12. Let m be h(-5). Suppose -m*a - 4*l = -2039, -2*l = 3*a - 1144 - 903. Is a prime?
False
Let r(y) = -6*y**2 - 4*y + 9*y**2 - 6 - y**3 + 2*y**3. Let j be r(-4). Is 21/14 - 699/j a composite number?
True
Suppose 0 = -23*w + 18 - 87. Let y(t) be the third derivative of -11*t**6/120 + t**3/3 - t**2. Is y(w) composite?
True
Let w be (-14)/63 + 19150/(-9) + 3. Let q = w + 3168. Is q composite?
True
Let i = 17 + -21. Let m = 9 + i. Suppose -l + m*u + 109 = 0, -l - 5*u + 367 = 2*l. Is l a composite number?
True
Let w be (2 + 5/(-3))/((-7)/(-1344)). Let d = 34 + 2. Suppose q + 2*y - d = 33, -y = q - w. Is q a prime number?
True
Suppose 2*v = -3*i + 83195, 29*v - 24*v + 110919 = 4*i. Is i prime?
False
Suppose 0 = -12*t + 8589 + 24735. Is t composite?
False
Suppose 0 = v + 62*u - 58*u - 15743, 47189 = 3*v + 2*u. Is v a composite number?
False
Let h be 8354/6 - (-2)/3. Suppose 50*d + 7800 = 38*d. Let p = h + d. Is p prime?
True
Let c be -28 + 163 - (-6 + 2 - 0). Let k(r) = 155*r - 1. Let d be k(1). Suppose -c = -f + d. Is f composite?
False
Let x be 0 + -3 + (66 - 2). Let q = 98 - x. Is q a prime number?
True
Suppose 2*c = 6*c - 36. Suppose 0 = -4*w + v + 346, 3*v - 3 = -c. Is 1*(w - 6/(-2)) prime?
True
Suppose 120 = -5*j - 2180. Let c = 1931 + j. Is c composite?
False
Let t(k) = 10*k - 55. Let q = -8 + 25. Is t(q) a composite number?
True
Let t(d) = 946*d**3 - 5*d**2 + 3*d + 17. Is t(3) a prime number?
True
Let v(j) = 3*j**3 - 6*j**2 - 5*j. Let f(b) = -2*b**3 + 5*b**2 + 4*b. Let u(k) = -4*f(k) - 3*v(k). Let i be u(-3). Suppose 3*m = -0*m + i. Is m prime?
Fa